t is the units digit of 1518?
8
What is the units digit of 78108?
8
What is the hundreds digit of 1511?
5
What is the units digit of 1185?
5
What is the units digit of 465?
5
What is the ten thousands digit of 19611?
1
What is the thousands digit of 1970?
1
What is the hundreds digit of 75080?
0
What is the thousands digit of 44573?
4
What is the tens digit of 4422?
2
What is the units digit of 1117?
7
What is the tens digit of 687?
8
What is the tens digit of 3127?
2
What is the thousands digit of 2230?
2
What is the thousands digit of 10662?
0
What is the units digit of 1061?
1
What is the units digit of 638?
8
What is the hundreds digit of 52270?
2
What is the thousands digit of 38266?
8
What is the hundreds digit of 1632?
6
What is the tens digit of 9905?
0
What is the tens digit of 1144?
4
What is the units digit of 3077?
7
What is the units digit of 132?
2
What is the tens digit of 456?
5
What is the tens digit of 10886?
8
What is the hundreds digit of 2368?
3
What is the thousands digit of 4979?
4
What is the thousands digit of 2885?
2
What is the units digit of 94593?
3
What is the hundreds digit of 12581?
5
What is the tens digit of 945?
4
What is the thousands digit of 1464?
1
What is the thousands digit of 2859?
2
What is the tens digit of 1745?
4
What is the thousands digit of 16354?
6
What is the tens digit of 13259?
5
What is the thousands digit of 24013?
4
What is the thousands digit of 2795?
2
What is the tens digit of 85?
8
What is the units digit of 37641?
1
What is the hundreds digit of 120?
1
What is the units digit of 6417?
7
What is the thousands digit of 41262?
1
What is the units digit of 103?
3
What is the units digit of 164?
4
What is the hundreds digit of 49206?
2
What is the thousands digit of 14983?
4
What is the units digit of 408?
8
What is the tens digit of 312?
1
What is the hundreds digit of 1585?
5
What is the ten thousands digit of 84326?
8
What is the hundreds digit of 7083?
0
What is the units digit of 2683?
3
What is the hundreds digit of 967?
9
What is the thousands digit of 54384?
4
What is the hundreds digit of 753?
7
What is the tens digit of 4540?
4
What is the tens digit of 5966?
6
What is the units digit of 35663?
3
What is the thousands digit of 49074?
9
What is the hundreds digit of 2131?
1
What is the tens digit of 45669?
6
What is the units digit of 14106?
6
What is the tens digit of 803?
0
What is the thousands digit of 36028?
6
What is the hundreds digit of 966?
9
What is the units digit of 499?
9
What is the thousands digit of 11091?
1
What is the ten thousands digit of 88388?
8
What is the tens digit of 57248?
4
What is the thousands digit of 3517?
3
What is the units digit of 8992?
2
What is the hundreds digit of 727?
7
What is the tens digit of 8041?
4
What is the tens digit of 38826?
2
What is the ten thousands digit of 43722?
4
What is the units digit of 73609?
9
What is the thousands digit of 10907?
0
What is the tens digit of 3679?
7
What is the units digit of 175274?
4
What is the units digit of 1385?
5
What is the units digit of 2908?
8
What is the thousands digit of 3107?
3
What is the hundreds digit of 754?
7
What is the tens digit of 32019?
1
What is the thousands digit of 17099?
7
What is the thousands digit of 50330?
0
What is the tens digit of 1076?
7
What is the hundreds digit of 631?
6
What is the tens digit of 740?
4
What is the units digit of 159?
9
What is the units digit of 2583?
3
What is the thousands digit of 20671?
0
What is the units digit of 19279?
9
What is the tens digit of 6160?
6
What is the tens digit of 45210?
1
What is the hundreds digit of 1286?
2
What is the ten thousands digit of 151508?
5
What is the units digit of 31747?
7
What is the thousands digit of 62118?
2
What is the tens digit of 84453?
5
What is the hundreds digit of 10265?
2
What is the tens digit of 3821?
2
What is the ten thousands digit of 53910?
5
What is the tens digit of 203?
0
What is the hundreds digit of 10482?
4
What is the tens digit of 75?
7
What is the thousands digit of 1110?
1
What is the tens digit of 16903?
0
What is the tens digit of 124807?
0
What is the hundreds digit of 217?
2
What is the hundreds digit of 7690?
6
What is the hundreds digit of 776?
7
What is the ten thousands digit of 80336?
8
What is the thousands digit of 12076?
2
What is the thousands digit of 6237?
6
What is the ten thousands digit of 75387?
7
What is the ten thousands digit of 69796?
6
What is the tens digit of 2627?
2
What is the thousands digit of 28692?
8
What is the thousands digit of 99612?
9
What is the hundreds digit of 420?
4
What is the units digit of 1060?
0
What is the thousands digit of 10415?
0
What is the ten thousands digit of 165642?
6
What is the tens digit of 2527?
2
What is the hundreds digit of 741?
7
What is the units digit of 76208?
8
What is the units digit of 2310?
0
What is the units digit of 51306?
6
What is the tens digit of 1376?
7
What is the tens digit of 15561?
6
What is the units digit of 1196?
6
What is the hundreds digit of 12821?
8
What is the thousands digit of 23961?
3
What is the thousands digit of 64484?
4
What is the thousands digit of 3209?
3
What is the units digit of 81447?
7
What is the ten thousands digit of 26368?
2
What is the units digit of 271?
1
What is the ten thousands digit of 34390?
3
What is the ten thousands digit of 16256?
1
What is the tens digit of 2062?
6
What is the hundreds digit of 24710?
7
What is the tens digit of 4733?
3
What is the hundreds digit of 661?
6
What is the units digit of 3169?
9
What is the units digit of 31?
1
What is the tens digit of 2720?
2
What is the hundreds digit of 24957?
9
What is the hundreds digit of 957?
9
What is the units digit of 13475?
5
What is the units digit of 464?
4
What is the hundreds digit of 650?
6
What is the thousands digit of 164090?
4
What is the thousands digit of 20277?
0
What is the ten thousands digit of 15253?
1
What is the hundreds digit of 13257?
2
What is the hundreds digit of 66214?
2
What is the units digit of 5014?
4
What is the hundreds digit of 2667?
6
What is the hundreds digit of 1398?
3
What is the hundreds digit of 6190?
1
What is the thousands digit of 76006?
6
What is the units digit of 1277?
7
What is the hundreds digit of 469?
4
What is the units digit of 18262?
2
What is the tens digit of 65804?
0
What is the units digit of 2124?
4
What is the tens digit of 1083?
8
What is the hundreds digit of 19763?
7
What is the units digit of 1056?
6
What is the hundreds digit of 9141?
1
What is the tens digit of 32525?
2
What is the hundreds digit of 3092?
0
What is the tens digit of 1022?
2
What is the hundreds digit of 5842?
8
What is the units digit of 76023?
3
What is the tens digit of 862?
6
What is the units digit of 11036?
6
What is the tens digit of 52232?
3
What is the hundreds digit of 1491?
4
What is the hundreds digit of 311?
3
What is the tens digit of 20583?
8
What is the tens digit of 10958?
5
What is the units digit of 463?
3
What is the units digit of 3228?
8
What is the units digit of 339?
9
What is the hundreds digit of 6825?
8
What is the hundreds digit of 38185?
1
What is the hundreds digit of 306?
3
What is the ten thousands digit of 38268?
3
What is the units digit of 750?
0
What is the tens digit of 30922?
2
What is the thousands digit of 1030?
1
What is the tens digit of 10554?
5
What is the units digit of 5152?
2
What is the hundreds digit of 17554?
5
What is the units digit of 65211?
1
What is the units digit of 1228?
8
What is the tens digit of 1435?
3
What is the units digit of 184?
4
What is the thousands digit of 1042?
1
What is the hundreds digit of 7778?
7
What is the tens digit of 17651?
5
What is the tens digit of 1178?
7
What is the tens digit of 454?
5
What is the thousands digit of 2382?
2
What is the thousands digit of 27334?
7
What is the units digit of 335?
5
What is the hundred thousands digit of 122780?
1
What is the tens digit of 1035?
3
What is the hundreds digit of 4449?
4
What is the units digit of 426?
6
What is the ten thousands digit of 18000?
1
What is the ten thousands digit of 33798?
3
What is the units digit of 47463?
3
What is the tens digit of 415?
1
What is the units digit of 850?
0
What is the thousands digit of 20379?
0
W